actors of 78272144.
2, 4892009
List the prime factors of 4634453701.
23, 201497987
What are the prime factors of 14272209?
3, 7, 101, 2243
List the prime factors of 1418595456.
2, 3, 43, 53, 1621
List the prime factors of 902908312.
2, 9001, 12539
What are the prime factors of 902548198?
2, 23, 31, 632923
List the prime factors of 286631403.
3, 1031, 92671
List the prime factors of 1387292139.
3, 821, 187751
List the prime factors of 279893524.
2, 79, 293, 3023
What are the prime factors of 47182787?
149, 316663
What are the prime factors of 27775416?
2, 3, 17, 19, 3583
List the prime factors of 34468500.
2, 3, 5, 11, 2089
List the prime factors of 25124632.
2, 13, 31, 7793
List the prime factors of 14799541.
29, 179, 2851
What are the prime factors of 384530614?
2, 13, 2221, 6659
What are the prime factors of 152959992?
2, 3, 6373333
List the prime factors of 642870470.
2, 5, 11, 17, 23, 14947
List the prime factors of 1455099295.
5, 13, 1033, 1667
What are the prime factors of 391358882?
2, 127, 1540783
What are the prime factors of 417698840?
2, 5, 13, 17, 47251
List the prime factors of 16370558.
2, 17, 29, 16603
What are the prime factors of 18414428?
2, 4603607
What are the prime factors of 5607068051?
13, 151, 2856377
List the prime factors of 1317331266.
2, 3, 4373, 50207
List the prime factors of 1773691446.
2, 3, 29, 1039, 9811
What are the prime factors of 333856074?
2, 3, 2897, 19207
What are the prime factors of 6584172171?
3, 2194724057
List the prime factors of 31575285.
3, 5, 7, 33413
What are the prime factors of 26803234?
2, 23, 97, 6007
What are the prime factors of 668595847?
59, 11332133
What are the prime factors of 205793469?
3, 7, 31, 105373
What are the prime factors of 281791063?
281791063
What are the prime factors of 1214165295?
3, 5, 7, 142759
What are the prime factors of 3909030116?
2, 17, 57485737
What are the prime factors of 119146946?
2, 23, 71, 191
What are the prime factors of 406993734?
2, 3, 7, 358901
What are the prime factors of 7937163?
3, 13, 22613
What are the prime factors of 54238383?
3, 317, 6337
What are the prime factors of 6020761?
61, 89, 1109
List the prime factors of 2338281279.
3, 15907, 16333
What are the prime factors of 390150970?
2, 5, 11, 719, 4933
List the prime factors of 1346949339.
3, 137, 461, 7109
What are the prime factors of 886664105?
5, 113, 1569317
What are the prime factors of 8213748?
2, 3, 107, 6397
List the prime factors of 115928425.
5, 67, 1033
List the prime factors of 353608663.
353608663
List the prime factors of 4536725085.
3, 5, 1481, 22691
What are the prime factors of 43920480?
2, 3, 5, 37, 2473
What are the prime factors of 27974296?
2, 7, 71363
List the prime factors of 545057347.
73, 149, 50111
What are the prime factors of 1854395843?
1854395843
What are the prime factors of 49741492?
2, 3461, 3593
What are the prime factors of 27988711?
73, 467, 821
List the prime factors of 18731377.
7, 251, 1523
What are the prime factors of 204701904?
2, 3, 11, 83, 173
What are the prime factors of 1020396425?
5, 19, 2148203
What are the prime factors of 59471618?
2, 53, 561053
What are the prime factors of 63186739?
7, 11, 17, 48271
What are the prime factors of 425162012?
2, 11, 19, 508567
What are the prime factors of 2272678595?
5, 11, 41321429
List the prime factors of 557717900.
2, 5, 31, 179909
List the prime factors of 2143239019.
2143239019
List the prime factors of 612928416.
2, 3, 127, 50273
What are the prime factors of 3989428967?
31, 853, 150869
List the prime factors of 224326766.
2, 7703, 14561
What are the prime factors of 2979336637?
67, 227, 195893
List the prime factors of 28511363.
17, 499, 3361
List the prime factors of 159568991.
29, 101, 157, 347
List the prime factors of 244125472.
2, 271, 28151
List the prime factors of 305067639.
3, 263, 386651
What are the prime factors of 325105654?
2, 17, 877, 10903
List the prime factors of 46237564.
2, 19, 608389
List the prime factors of 16157214.
2, 3, 107, 8389
What are the prime factors of 29464408?
2, 743, 4957
List the prime factors of 33542808.
2, 3, 13, 107509
What are the prime factors of 19314735?
3, 5, 11, 19, 61, 101
What are the prime factors of 160469189?
160469189
What are the prime factors of 1898122366?
2, 7, 967, 140207
List the prime factors of 89827133.
11, 17, 43669
List the prime factors of 41024137.
7, 11, 532781
List the prime factors of 205984498.
2, 877, 117437
List the prime factors of 5055530537.
1583, 3193639
List the prime factors of 4645130.
2, 5, 7, 66359
What are the prime factors of 55324569?
3, 79, 233437
What are the prime factors of 5019260981?
7, 67, 10702049
What are the prime factors of 2593063026?
2, 3, 144059057
List the prime factors of 1102194110.
2, 5, 37, 1451, 2053
List the prime factors of 29359995.
3, 5, 7, 279619
List the prime factors of 284253345.
3, 5, 17, 371573
What are the prime factors of 1873770948?
2, 3, 7, 499, 4967
What are the prime factors of 57067097?
57067097
List the prime factors of 22726835.
5, 643, 7069
List the prime factors of 41718078.
2, 3, 257519
List the prime factors of 12067272.
2, 3, 7, 23, 347
What are the prime factors of 1611863998?
2, 805931999
What are the prime factors of 1341102097?
1489, 900673
List the prime factors of 39445108.
2, 37, 266521
What are the prime factors of 4219342501?
11, 29, 157, 84247
List the prime factors of 5515384623.
3, 7, 31, 47, 180259
List the prime factors of 36009297.
3, 661, 6053
List the prime factors of 740842441.
16361, 45281
List the prime factors of 311297840.
2, 5, 7, 587, 947
What are the prime factors of 6195859064?
2, 6653, 116411
List the prime factors of 215922095.
5, 113, 382163
What are the prime factors of 390324744?
2, 3, 193, 3121
List the prime factors of 211319554.
2, 17, 6215281
What are the prime factors of 135813571?
10529, 12899
What are the prime factors of 10821944?
2, 7, 19, 1453
List the prime factors of 74695772.
2, 349, 53507
What are the prime factors of 5321390645?
5, 1064278129
What are the prime factors of 186518331?
3, 20724259
What are the prime factors of 304611523?
1327, 229549
What are the prime factors of 166299266?
2, 7, 53, 79, 2837
What are the prime factors of 16769057?
16769057
List the prime factors of 56246539.
1693, 33223
List the prime factors of 46490215.
5, 9298043
What are the prime factors of 1322370699?
3, 13, 33906941
List the prime factors of 19286311.
11, 19, 8389
List the prime factors of 112035845.
5, 29, 772661
List the prime factors of 1592017391.
19, 83790389
List the prime factors of 2745495387.
3, 305055043
List the prime factors of 148776770.
2, 5, 14877677
List the prime factors of 100662934.
2, 1019, 49393
What are the prime factors of 244790912?
2, 1912429
What are the prime factors of 96637428?
2, 3, 894791
What are the prime factors of 1344525798?
2, 3, 7, 11, 83, 5009
What are the prime factors of 555392838?
2, 3, 7, 11, 13, 19, 31, 157
What are the prime factors of 318076988?
2, 29, 31, 197, 449
What are the prime factors of 536492912?
2, 1229, 27283
List the prime factors of 3455921974.
2, 31, 55740677
List the prime factors of 52395543.
3, 43, 135389
List the prime factors of 5315982755.
5, 23, 83, 556939
List the prime factors of 5248391913.
3, 583154657
List the prime factors of 381416967.
3, 42379663
What are the prime factors of 355141884?
2, 3, 29595157
List the prime factors of 5454691.
11, 19, 26099
List the prime factors of 22510853.
22510853
What are the prime factors of 2458847695?
5, 41, 107, 112097
What are the prime factors of 156185732?
2, 17, 23, 37, 2699
What are the prime factors of 72125671?
59, 821, 1489
What are the prime factors of 2673778356?
2, 3, 43, 241, 2389
List the prime factors of 2891157651.
3, 107079913
What are the prime factors of 43849010?
2, 5, 4384901
What are the prime factors of 446654819?
13, 34358063
What are the prime factors of 17494171?
17494171
List the prime factors of 715441743.
3, 79493527
List the prime factors of 7486114604.
2, 2267, 825553
What are the prime factors of 707053906?
2, 13, 27194381
What are the prime factors of 425910117?
3, 8089, 17551
List the prime factors of 551318749.
551318749
What are the prime factors of 3166305171?
3, 53, 19913869
What are the p